 be b(-6). Suppose -35 = -3*o - 2*m - r, 0 = -2*o - 2*m + 20. Calculate the greatest common factor of o and z.
6
Suppose h = 3*c - 10 + 92, 2*c - 72 = -h. Calculate the highest common factor of h and 4.
4
Let p be (3 - (6 + -2)) + 71 + 1. Let n = 89 - p. What is the highest common divisor of n and 162?
18
Let b = 24 + -1. Let q = -4933 - -5117. Calculate the highest common factor of q and b.
23
Let d be (28/(-10))/(1/(-5)). Let w = 7335 - 7279. What is the greatest common divisor of d and w?
14
Let n be 7 + (-6)/(-51) + (-28427)/(-119). What is the highest common divisor of 6 and n?
6
Let m = -1476 + 970. Let f = -308 - m. Suppose 10 + 56 = 3*c. Calculate the greatest common factor of c and f.
22
Let p(d) = -9*d - 34. Let q be p(-17). Calculate the highest common factor of 21 and q.
7
Let l = -20 + 20. Suppose l*m = -m + 152. Calculate the highest common factor of 19 and m.
19
Let n = 49 + -46. Suppose -v = -n*b + 41, 4*v = -2*b - b + 16. What is the highest common divisor of 18 and b?
6
Let j = 533 - 449. What is the greatest common divisor of j and 21?
21
Let v = 306 + -280. What is the greatest common factor of v and 2?
2
Let q = -3 - -5. Suppose 0 = q*h - 6 - 10. Suppose 0 = 5*f - 5*d - 30, -f + 4*f - 20 = 2*d. What is the highest common divisor of h and f?
8
Suppose -26*t = -74*t + 20160. What is the greatest common factor of 300 and t?
60
Let l(f) = -f**3 - 4*f**2 + 3*f - 7. Let n be l(-5). Suppose 3*u = -3, n*a = 2*a + u + 210. Let m = 19 - 0. Calculate the highest common factor of m and a.
19
Let j be -228*3/(-12)*(2 - 1). Calculate the greatest common divisor of 437 and j.
19
Let d be (-110 + -13 + 7)*(0 + -2). Calculate the greatest common divisor of d and 29.
29
Suppose 0 = -3*m - 0*m - 6. Let d = m + 4. Let o be d*7*18/63. What is the greatest common factor of o and 10?
2
Let b be ((-2)/6)/((-7)/21). Let r(o) = 165*o + 3. Let q be r(b). What is the greatest common divisor of q and 24?
24
Let x(a) = a**3 + 2*a**2 - 2*a + 91. Let f be x(0). What is the highest common factor of f and 35?
7
Let x(k) = -19*k + 438. Let g be x(15). Calculate the highest common divisor of 119 and g.
17
Suppose 23*n - 28*n = -1400. What is the greatest common divisor of n and 56?
56
Let k be 15*6/(-9)*2. Let h be (0 - 80)*10/k. Let z = 29 - 13. Calculate the highest common divisor of z and h.
8
Let r = 1 + 6. Let i(b) = -b**3 + b + 2 + 42*b**2 - 35*b**2 - 2. Let t be i(r). What is the highest common divisor of 21 and t?
7
Suppose 4*t - 115 - 53 = -4*s, -4*t = 12. Let k be (-30)/(1*-1*1). What is the highest common divisor of k and s?
15
Suppose 0 = -4*s + 4, 0 = -2*m - m - 3*s - 3951. Let w = m - -2253. Suppose 3*u = -2*u + w. What is the highest common factor of u and 17?
17
Suppose 4*h = -0*h. Suppose -317 = -3*t + 5*b, t + b - 3*b - 106 = h. Let u = -136 - -149. Calculate the highest common factor of u and t.
13
Let z(y) = 12*y**2 + 9*y - 5. Let s be z(-7). Suppose 4*t - s = -t. Suppose 2*h + 2*h = t. Calculate the highest common divisor of 104 and h.
26
Let b(v) = -3*v + 1. Let d be b(1). Let j be 1/d - 92/(-8). Suppose 5*h - 69 - j = 0. What is the highest common factor of 16 and h?
16
Suppose -19*o + 687 = -1840. Let m = 23 + -4. Calculate the greatest common factor of o and m.
19
Suppose -4*o = -3*x + 8, -2*x - 23 = 3*o - 0. Let p be (-3)/(-2)*(816/(-18))/x. What is the greatest common factor of p and 51?
17
Let z(r) = -2*r**2 - 31*r + 12. Let u be z(-15). Suppose 5*j + 2 - u = 0. Let k = 1 - 0. Calculate the highest common factor of k and j.
1
Let v = -340 + 369. What is the greatest common factor of v and 3?
1
Let i(j) = 9*j - 1. Let p(a) = a**3 - 5*a**2 - 8*a + 13. Let l be p(6). Let y be i(l). What is the greatest common divisor of 32 and y?
8
Let m be 6/(-7) - 1100/(-385). Let j be (-27)/(-2) + 1/2. Let v = m + j. What is the highest common divisor of 176 and v?
16
Let s(w) = -25*w - 32. Let l be s(-8). What is the greatest common divisor of l and 6?
6
Let d = -2029 + 4653. Calculate the greatest common divisor of d and 82.
82
Let y(a) = 4 + 115*a - 242*a + 114*a. Let f be y(-2). Calculate the greatest common divisor of 15 and f.
15
Let w = -455 + 730. Suppose -5*c - 4*t = -26, c + 5*t - 18 = t. Suppose 2*k = -c*k + 100. Calculate the greatest common divisor of w and k.
25
Let f(o) be the third derivative of 0 + 67/24*o**4 + 5*o**2 + 0*o + 1/6*o**3. Let l be f(2). Calculate the greatest common factor of 15 and l.
15
Let n = 794 + -446. Let u = -5 - -8. Suppose -l + 208 = u*t - 2*l, -5*t + n = -2*l. What is the highest common divisor of 17 and t?
17
Suppose 36 = 2*r + 7*r. Let b(p) = -p**3 - 16*p**2 + 39*p + 68. Let c be b(-18). Calculate the highest common factor of r and c.
2
Suppose -81*a = -90*a + 180. Let u(z) = z**3 - 3*z**2 - 2*z - 4. Let h be (-4)/10 - 22/(-5). Let t be u(h). Calculate the greatest common factor of t and a.
4
Suppose 5*p + 4*k = 4*p + 52, 2*p = -k + 111. Calculate the highest common factor of p and 168.
56
Let p = -541 - -588. Calculate the greatest common divisor of 1269 and p.
47
Let q = -64 - -116. Suppose 4*n = q + 20. Calculate the greatest common factor of 162 and n.
18
Let o(b) = b**3 - 44*b**2 + 166*b + 49. Let p be o(40). Calculate the greatest common divisor of 17 and p.
17
Suppose -188 - 46 = -26*d. Calculate the greatest common divisor of 243 and d.
9
Let n(c) = c - 11. Let s be n(8). Let m be (2 - -13) + -2 - s. Let i(l) = -l**2 + 14*l - 8. Let a be i(12). Calculate the greatest common factor of a and m.
16
Suppose -2*x + x = 5*u - 29, 4*u = 20. Suppose -c = -3*c - x. Let s be 1 - (-31 + 2 - c). Calculate the highest common factor of 70 and s.
14
Let o(b) = 3*b**2 - 10*b + 23. Let y be o(-7). Calculate the highest common divisor of 15 and y.
15
Let d = -1 + 7. Suppose -d = -3*x + 2*x. Suppose 0 = 2*f - 3*y - 15, y + 1 = -0. Calculate the highest common divisor of f and x.
6
Let c = 6 - 11. Let l = c + -251. Let b = l - -364. What is the greatest common factor of 12 and b?
12
Let a(o) = 19*o + 7. Let w be a(5). Suppose -8*q = -w + 6. What is the highest common factor of 12 and q?
12
Suppose -4*w - 8*p + 4*p = -328, -5*w + 392 = -4*p. Calculate the greatest common divisor of 32 and w.
16
Let g be (1704/(-28))/(-6 + 164/28). What is the highest common factor of g and 30?
6
Let l be 12/(12/17) + 1. Suppose -4*b + 4*y = -360, 2*y + 2*y - 360 = -4*b. Calculate the greatest common divisor of b and l.
18
Suppose -4*m + 305 = -12*a + 11*a, 0 = m - a - 77. Calculate the greatest common divisor of m and 228.
76
Let f = -201 - -360. Calculate the greatest common divisor of f and 53.
53
Let j be ((-15)/9)/(2/36). Let a = j + 46. Let n be -2 + 2 - (-4 + -12). Calculate the greatest common factor of n and a.
16
Let f be (11/(-2) + 2)/(2/(-24)). Calculate the highest common divisor of 462 and f.
42
Let z be ((-6)/4)/((-7)/392) + -1. Suppose -5*k + 2*u + 222 = 0, -2*u = 2*k + 3*u - z. What is the greatest common factor of k and 11?
11
Let j(b) = b - 12. Let q be j(10). Let p(f) = -4*f - 5. Let d be p(q). Calculate the highest common factor of d and 6.
3
Suppose -88 = -2*y - 4. Let w be 82/(-6) - 6/(-9). Let q = 19 + w. Calculate the greatest common divisor of y and q.
6
Let d be 6 - ((-819)/(-156))/((-3)/16). What is the highest common factor of 1020 and d?
34
Suppose -5 = x, 0*x = 5*f + 4*x + 175. Let n = 43 + f. Calculate the highest common factor of 30 and n.
6
Let l = 306 - 185. Calculate the highest common factor of 22 and l.
11
Let z = 39 + -42. Let q be 4 - (-4)/z*-6. What is the highest common divisor of q and 4?
4
Suppose t + 3*s = 0, 3 = 4*t + s - 8. Suppose t*b - 32 = -b. What is the highest common divisor of b and 72?
8
Suppose 4*b - 7*b + 372 = 0. Suppose 0 = -5*j - b + 444. What is the highest common divisor of j and 8?
8
Suppose -3*b - 1515 = -8*b + 5*r, 3*b - 913 = 4*r. Calculate the greatest common factor of 69 and b.
23
Suppose -2*c + 360 = 2*y + 2*c, -3*y + 2*c = -524. What is the highest common divisor of y and 16?
16
Let g(b) = b + 39. Let w be g(-21). Suppose -3*c = 4*x - 85, 5*x - 17 + 93 = 3*c. What is the greatest common divisor of w and c?
9
Suppose -74 = -p + 108. Let x be (-861)/(-33) - 15/165. What is the highest common divisor of p and x?
26
Let a be -6 - ((-98)/28)/(1/166). What is the gre